 o be i(-16). Let h = o + -17. Let p be (-12)/9 - (-304)/h. Calculate the highest common factor of 4 and p.
4
Let w = -29 - -24. Let s(p) = p**2 + p. Let i be s(w). What is the greatest common factor of 50 and i?
10
Let v(x) = 3*x**2 + 17*x - 11. Let f be v(7). Calculate the highest common factor of f and 51.
51
Let j(d) = 2*d**2 + 15*d + 2. Let k be j(-10). Let b = k + -46. Calculate the highest common factor of b and 15.
3
Let h be 6*-8*2/(-12). Let c = -368 + 376. What is the highest common divisor of h and c?
8
Let d = 133 - -102. Calculate the highest common factor of d and 5.
5
Let b(p) = -p**2 + 17*p - 39. Let w be b(4). Let j = 12 - 8. Suppose 2*g = 3*f + 66, j*f + 19 = g - f. What is the greatest common divisor of w and g?
13
Suppose -7*f + 6 = 48. Let m be 282/30 - -1*f/15. Let i = 150 + -105. Calculate the highest common factor of m and i.
9
Suppose -1669 = -4*m + 5*a - 2*a, -2*m = -a - 835. What is the greatest common divisor of m and 76?
38
Let f be (12 - 14) + 164/(-2). Let d = f + 85. Calculate the greatest common factor of 11 and d.
1
Suppose 25 = -2*q + 121. Suppose 49 = -10*d + 9. Let f be d/((-24)/(-16)*(-1)/6). Calculate the highest common divisor of f and q.
16
Let j = -5 + 13. Suppose s - 2*s - 3 = 0, -4*w + 89 = -3*s. What is the greatest common factor of w and j?
4
Let d = 49 + -47. Suppose -2*g + z = -2*z - 24, 14 = g - d*z. What is the greatest common divisor of 15 and g?
3
Suppose 3*t = -2*o + 2830, 5 = -17*o + 12*o. Calculate the highest common divisor of t and 59.
59
Suppose 220 + 20 = 15*m. Suppose m + 96 = 8*b. Calculate the greatest common factor of 182 and b.
14
Suppose -g + 2 = -0. Let p be -2*(g/2)/(-1). Suppose 4*y = -p*t + 30, -4*y + 1 = -5*t + 90. What is the highest common factor of t and 187?
17
Let f(b) = 16*b**3 + 5*b**2 - 5*b + 7. Let g be f(3). Calculate the greatest common divisor of 67 and g.
67
Let l = 320 + -315. Calculate the greatest common factor of l and 35.
5
Let s = 36 - 10. Suppose 52*u = 12*u + 5200. Calculate the greatest common factor of s and u.
26
Let f be 40/220 - 5/((-110)/6288). Calculate the highest common divisor of f and 26.
26
Suppose 2*s - 30 = -2*m, -5*s + 3*m + 91 = -0*m. What is the greatest common divisor of s and 255?
17
Suppose -312 = -5*u - 97. Let w(k) = 172*k**3 - k + 1. Let v be w(1). What is the greatest common factor of v and u?
43
Suppose 9*w - 3*w + 174 = 0. Let c be (-16)/4 - (0 + w). Calculate the greatest common factor of 25 and c.
25
Let h(s) = s**3 - 20*s**2 + 19. Let j be h(20). Calculate the highest common factor of 2 and j.
1
Let m = -98 + 100. Suppose 4*f - 5*c - 21 = 0, -f = 2*f - m*c - 21. What is the greatest common divisor of f and 72?
9
Suppose -5*l - 3*l + 528 = 0. Calculate the greatest common factor of l and 22.
22
Let d(k) = -k**2 + 9*k + 4. Let u be d(7). Suppose 2*t - 15 - 11 = 0. Suppose -h = t - 139. What is the highest common divisor of u and h?
18
Let x(p) = -p**2 + 4*p + 5. Let y be x(5). Let q(u) = -u**3 + u**2 - 2*u + 68. Let v be q(y). What is the highest common factor of 17 and v?
17
Let r(j) = j**2 - 4*j - 2. Let v be r(8). Let o be v/(-4*12/(-32)). What is the highest common divisor of o and 5?
5
Let w = -41 - -405. What is the greatest common factor of w and 260?
52
Suppose 0 = -3*o - 20*o + 5382. What is the highest common divisor of o and 72?
18
Suppose 4*h = -3 + 11. Suppose h = -3*g + 23. Suppose f = -5, 0 = 3*t - 0*f + 2*f - 221. What is the highest common divisor of g and t?
7
Suppose 20*f = -3*f + 644. Let s be ((-1)/2)/((-2)/(-4)). Let r be -2 + (-8 - 1)*s. Calculate the highest common divisor of f and r.
7
Let n be (-1)/((-3 - 4/28) + 3). Suppose -2*r - 2*b = -2, -2*r - 5*b = -n*r + 35. Suppose 0 = -2*d - 3*d + 60. Calculate the greatest common factor of d and r.
4
Let t(s) = 9*s**3 - s**2 + 5*s - 3. Let b be t(2). Calculate the greatest common divisor of 10 and b.
5
Let n(x) = -x**3 + 12*x**2 - 11*x + 4. Let v be n(11). Suppose 4*s - 112 = -v*r, 5*r - 85 = -3*s + 63. Calculate the greatest common divisor of r and 8.
8
Suppose -3*o = -2*s + o + 16, -2*o + 2 = 0. Suppose -y = 3*j - 10, -15*j + 2 = 2*y - 18*j. Calculate the greatest common factor of y and s.
2
Suppose 8 = -3*b + b, -4*k + 1932 = 3*b. What is the greatest common factor of 18 and k?
18
Let r(g) = 8*g**2 + 9*g + 21. Let y be r(-2). What is the highest common factor of y and 220?
5
Suppose 20*s - 15*s - 330 = 0. Calculate the highest common factor of s and 1914.
66
Suppose -2*a - w = 1, 3*w + 2*w + 5 = 5*a. Let s be (1 + a)*(6 + -10 - -5). What is the greatest common factor of 5 and s?
1
Suppose z - 4*u = 100, 5*z - 139 = 2*u + 307. Let j be (-58)/261 - (-74)/9. What is the greatest common factor of z and j?
8
Suppose 0 = 7*q - 372 - 384. What is the highest common factor of q and 27?
27
Let m be 3 + 2 + ((-1)/1 - -846). Calculate the highest common factor of m and 100.
50
Let v(d) = -d - 10. Let j be v(-9). Let c be 6/6*(j - -1). Suppose 2*u + 0*u + s - 41 = c, 2*u + 5*s - 45 = 0. What is the highest common factor of 160 and u?
20
Let x be 6/4*(-38)/(-3). Let l = -13 + x. Let u be (1 - 0) + 136 + l. What is the highest common divisor of 13 and u?
13
Let f = -1710 + 1736. What is the highest common divisor of 16 and f?
2
Let j(v) = 8*v - 4. Let m be j(6). Let n = m - 5. Let s(z) = 7*z**2 + z. Let f be s(-2). What is the highest common factor of f and n?
13
Let z(v) = 3*v**2 + 20*v - 7. Let u be z(-9). Let w(h) = 3*h - 3. Let i be w(7). Let r = i + -11. What is the greatest common divisor of r and u?
7
Let u(y) = 2*y**2 - y - 3. Let z be u(3). Let w(d) = d**3 - 13*d**2 + 21*d - 23. Let r be w(z). What is the greatest common factor of 17 and r?
17
Let w(u) = -u - 2. Let i be w(-7). Suppose -3*n + 53 = i*y, -7*n + 2*y = -2*n - 78. Calculate the highest common divisor of n and 48.
16
Suppose -13*n + 42 = -11*n. Let j = -48 + 83. Calculate the greatest common divisor of n and j.
7
Let k = -25 + 31. Suppose 3*y + 19 = 5*b, 5*y + 4 = -5*b - 1. Let m be k*((1 - y) + -1). What is the highest common factor of m and 12?
6
Suppose 0 = -12*q + 7*q + 5915. Let y be ((-12)/(-7))/(26/q). Calculate the greatest common factor of y and 13.
13
Let v(s) = -s**2 + 7*s + 9. Let c be v(7). Let j = 6 - c. Let o be (j/6)/(2/(-44)). Calculate the greatest common factor of o and 22.
11
Let x be (-8)/20 - 366/(-15). Calculate the greatest common divisor of 40 and x.
8
Suppose -2*q + 60 + 43 = 5*k, 5*q = -5. Suppose -k*g - 44 = -19*g. Let d = 30 + g. What is the greatest common factor of 40 and d?
8
Suppose 4*m - 110 = -3*a, a + m = -0*m + 37. Suppose -a + 8 = -3*s + 4*l, -3*l + 79 = 5*s. What is the highest common factor of 98 and s?
14
Let b be -7 + -3*(-1 - -2). Let i be (b/(-4))/(-5)*-8. Suppose -5*a = -3*u - 365, -i*u - 235 = -3*a + u. Calculate the greatest common divisor of a and 28.
14
Let t be (9 - -5) + ((-4)/(-1))/(-2). Suppose -8*l + 132 = t. What is the highest common factor of l and 165?
15
Suppose -j - o = -69, 144*o - 140*o + 74 = j. Calculate the greatest common factor of j and 1890.
70
Suppose y - 3*p = 13, y + 8 + 3 = -5*p. Suppose q = 5*q - y. Let a = -1 - -3. Calculate the greatest common divisor of q and a.
1
Let g = 217 + -187. What is the greatest common divisor of 405 and g?
15
Let t(j) = -j**3 - 16*j**2 - 9*j + 21. Let p be t(-16). Calculate the highest common divisor of 30 and p.
15
Let w be 3/5 - 712*1/(-5). What is the highest common divisor of w and 52?
13
Suppose -165*v = -161*v - 336. What is the greatest common divisor of v and 42?
42
Let g be 5*-4*(3 + (-3 - 9)). Let u be (1 - 0)/((-2)/(-220)). Let f = g - u. Calculate the greatest common divisor of f and 14.
14
Suppose 0 = c - 24 + 6. Let s = -200 - -209. Calculate the greatest common divisor of s and c.
9
Let p = 1 - 5. Let j be 2/p + (-1105)/(-10). Calculate the highest common factor of 44 and j.
22
Suppose -4*y + 4*n = 20, 2*n = 5*y - 0*n + 10. Let z be 2 + -6 + 3 + 7. Let r = z + y. What is the highest common factor of 54 and r?
6
Suppose 0 = -68*i - 4746 + 21746. What is the greatest common divisor of 400 and i?
50
Let i be 5 - (-2 + 1/1). Let w(c) = 2*c**2 - 43*c + 69. Let j be w(20). Calculate the greatest common factor of i and j.
3
Let r = 13 - 12. Let p be (-5)/r*(-2 - -1). Suppose p*w - 67 =